{"id":612,"date":"2024-03-01T16:53:27","date_gmt":"2024-03-01T15:53:27","guid":{"rendered":"https:\/\/laubergedelepine.fr\/?page_id=612"},"modified":"2024-03-01T16:58:42","modified_gmt":"2024-03-01T15:58:42","slug":"livre-dor","status":"publish","type":"page","link":"https:\/\/laubergedelepine.fr\/?page_id=612","title":{"rendered":"Livre d&rsquo;or"},"content":{"rendered":"\t\t<div data-elementor-type=\"wp-page\" data-elementor-id=\"612\" class=\"elementor elementor-612\">\n\t\t\t\t<div class=\"elementor-element elementor-element-35fe918c e-flex e-con-boxed e-con e-parent\" data-id=\"35fe918c\" data-element_type=\"container\" data-settings=\"{&quot;background_background&quot;:&quot;classic&quot;}\">\n\t\t\t\t\t<div class=\"e-con-inner\">\n\t\t\t\t<div class=\"elementor-element elementor-element-7e7bd15 elementor-widget elementor-widget-text-editor\" data-id=\"7e7bd15\" data-element_type=\"widget\" data-widget_type=\"text-editor.default\">\n\t\t\t\t<div class=\"elementor-widget-container\">\n\t\t\t\t\t\t\t\t\t<div class=\"gwolle-gb\">\n<div class=\"gwolle_gb_messages_top_container\"><\/div>\n<div class=\"gwolle-gb-write-button\">\n\t\t\t\t<input type=\"button\" name=\"gwolle-gb-write-button\" class=\"button btn btn-default \" value=\"\u00c9crire un nouveau message.\" \/>\n\t\t\t<\/div>\n<form action=\"#\" method=\"POST\" class=\"gwolle-gb-write gwolle-gb-hide gwolle-gb-float gwolle_gb_form_ajax gwolle-gb-form-ajax gwolle-gb-ajax gwolle-gb-not-logged-in\">\n<h3>\u00c9crivez un nouveau message dans le livre d\u2019or<\/h3>\n<p>\t\t\t\t<button type=\"button\" class=\"gb-notice-dismiss\">x<span class=\"screen-reader-text\">Masquer ce formulaire.<\/span><\/button><\/p>\n<p>\t\t\t\t<input type=\"hidden\" name=\"gwolle_gb_function\" class=\"gwolle_gb_function\" value=\"add_entry\" \/><input type=\"hidden\" name=\"gwolle_gb_book_id\" class=\"gwolle_gb_book_id\" value=\"1\" \/><\/p>\n<div class=\"gwolle_gb_499c1c157f766e3fe81600a60272ce6a\">\n<div class=\"label\"><label for=\"gwolle_gb_499c1c157f766e3fe81600a60272ce6a-1\" class=\"text-info\">Nom <span class=\"required\">*<\/span><\/label><\/div>\n<div class=\"input\"><input class=\"wp-exclude-emoji gwolle_gb_499c1c157f766e3fe81600a60272ce6a\" value=\"\" type=\"text\" id=\"gwolle_gb_499c1c157f766e3fe81600a60272ce6a-1\" name=\"gwolle_gb_499c1c157f766e3fe81600a60272ce6a\" required \/><\/div>\n<div class=\"clearBoth\">&nbsp;<\/div>\n<\/p><\/div>\n<div class=\"gwolle_gb_34b43442ebd68636a6511e7f39efe847\">\n<div class=\"label\"><label for=\"gwolle_gb_34b43442ebd68636a6511e7f39efe847-1\" class=\"text-info\">Ville<\/label><\/div>\n<div class=\"input\"><input class=\"wp-exclude-emoji gwolle_gb_34b43442ebd68636a6511e7f39efe847\" value=\"\" type=\"text\" id=\"gwolle_gb_34b43442ebd68636a6511e7f39efe847-1\" name=\"gwolle_gb_34b43442ebd68636a6511e7f39efe847\" \/><\/div>\n<div class=\"clearBoth\">&nbsp;<\/div>\n<\/p><\/div>\n<div class=\"gwolle_gb_fb919fb4ba5c92f155e1a22649f1f3d1\">\n<div class=\"label\"><label for=\"gwolle_gb_fb919fb4ba5c92f155e1a22649f1f3d1-1\" class=\"text-info\">E-mail<\/label><\/div>\n<div class=\"input\"><input class=\"gwolle_gb_fb919fb4ba5c92f155e1a22649f1f3d1\" value=\"\" type=\"email\" id=\"gwolle_gb_fb919fb4ba5c92f155e1a22649f1f3d1-1\" name=\"gwolle_gb_fb919fb4ba5c92f155e1a22649f1f3d1\" \/><\/div>\n<div class=\"clearBoth\">&nbsp;<\/div>\n<\/p><\/div>\n<div class=\"gwolle_gb_7b499bc1ad310f9c912651bc790ddca9\" style=\"display:none;overflow:hidden;\" hidden=\"true\" aria-hidden=\"true\">\n<div class=\"label\">\n\t\t\t\t\t<label for=\"gwolle_gb_7b499bc1ad310f9c912651bc790ddca9-1\" class=\"text-primary\">Ne touchez pas \u00e0 ceci<\/label><br \/>\n\t\t\t\t\t<label for=\"gwolle_gb_2dc301b4e7bbea502e4a3c43eee15d03-1\" class=\"text-primary\">Ne touchez pas \u00e0 ceci<\/label>\n\t\t\t\t<\/div>\n<div class=\"input\">\n\t\t\t\t\t<input value=\"48\" type=\"text\" id=\"gwolle_gb_7b499bc1ad310f9c912651bc790ddca9-1\" name=\"gwolle_gb_7b499bc1ad310f9c912651bc790ddca9\" class=\"gwolle_gb_7b499bc1ad310f9c912651bc790ddca9\" style=\"transform: translateY(10000px);\" \/><br \/>\n\t\t\t\t\t<input value=\"\" type=\"text\" name=\"gwolle_gb_2dc301b4e7bbea502e4a3c43eee15d03\" id=\"gwolle_gb_2dc301b4e7bbea502e4a3c43eee15d03-1\" class=\"gwolle_gb_2dc301b4e7bbea502e4a3c43eee15d03\" style=\"transform: translateY(10000px);\" \/>\n\t\t\t\t<\/div>\n<div class=\"clearBoth\"><\/div>\n<\/p><\/div>\n<div class=\"gwolle_gb_bd0ddd0df10fb8375fd1fb35a8632f37\" style=\"display:none;overflow:hidden;\" hidden=\"true\" aria-hidden=\"true\">\n<div class=\"label\">\n\t\t\t\t\t<label for=\"gwolle_gb_bd0ddd0df10fb8375fd1fb35a8632f37-1\" class=\"text-primary\">Ne touchez pas \u00e0 ceci<\/label><br \/>\n\t\t\t\t\t<label for=\"gwolle_gb_bc5a1ea2df04a049b8648dbce84f4921-1\" class=\"text-primary\">Ne touchez pas \u00e0 ceci<\/label>\n\t\t\t\t<\/div>\n<div class=\"input\">\n\t\t\t\t\t<input value=\"94760\" type=\"text\" id=\"gwolle_gb_bd0ddd0df10fb8375fd1fb35a8632f37-1\" name=\"gwolle_gb_bd0ddd0df10fb8375fd1fb35a8632f37\" class=\"gwolle_gb_bd0ddd0df10fb8375fd1fb35a8632f37\" style=\"transform: translateY(10000px);\" \/><br \/>\n\t\t\t\t\t<input value=\"94760\" type=\"text\"id=\"gwolle_gb_bc5a1ea2df04a049b8648dbce84f4921-1\" name=\"gwolle_gb_bc5a1ea2df04a049b8648dbce84f4921\" class=\"gwolle_gb_bc5a1ea2df04a049b8648dbce84f4921\" style=\"transform: translateY(10000px);\" \/>\n\t\t\t\t<\/div>\n<div class=\"clearBoth\"><\/div>\n<\/p><\/div>\n<div class=\"gwolle_gb_content\">\n<div class=\"label\"><label for=\"gwolle_gb_content-1\" class=\"text-info\">Message du livre d\u2019or <span class=\"required\">*<\/span><\/label><\/div>\n<div class=\"input\"><textarea id=\"gwolle_gb_content-1\" name=\"gwolle_gb_content\" class=\"gwolle_gb_content wp-exclude-emoji maxlength maxlength-250\" required ><\/textarea><span class=\"gb-max-length-text\"><span class=\"gb-used-characters\">0<\/span>\/<span class=\"gb-max-characters\">250<\/span> caract\u00e8res<\/span><\/div>\n<div class=\"clearBoth\">&nbsp;<\/div>\n<\/p><\/div>\n<div class=\"gwolle_gb_privacy\">\n<div class=\"label\"><label for=\"gwolle_gb_privacy-1\" class=\"text-info\">J\u2019accepte  la politique de confidentialit\u00e9 <span class=\"required\">*<\/span><\/label><\/div>\n<div class=\"input\"><input type=\"checkbox\" id=\"gwolle_gb_privacy-1\" name=\"gwolle_gb_privacy\" class=\"gwolle_gb_privacy\" required \/><\/div>\n<div class=\"clearBoth\">&nbsp;<\/div>\n<\/p><\/div>\n<p><input type=\"hidden\" class=\"gwolle_gb_c9d38edcf4e5ce47e991308f950efcd9\" id=\"gwolle_gb_c9d38edcf4e5ce47e991308f950efcd9-1\" name=\"gwolle_gb_c9d38edcf4e5ce47e991308f950efcd9\" value=\"a8267bc35f\" \/><\/p>\n<div class=\"gwolle_gb_messages_bottom_container\"><\/div>\n<p>\t\t\t<noscript><\/p>\n<div class=\"no-js\">Avertissement\u00a0: Ce formulaire ne peut \u00eatre utilis\u00e9 que si JavaScript est activ\u00e9 dans votre navigateur.<\/div>\n<p><\/noscript><\/p>\n<div class=\"gwolle_gb_submit\">\n<div class=\"label gwolle-gb-invisible text-muted\">&nbsp;<\/div>\n<div class=\"input\">\n\t\t\t\t\t<input type=\"submit\" name=\"gwolle_gb_submit\" class=\"gwolle_gb_submit button btn btn-primary \" value=\"Envoyer\" \/><br \/>\n\t\t\t\t\t<span class=\"gwolle_gb_submit_ajax_icon\"><\/span><\/p><\/div>\n<div class=\"clearBoth\">&nbsp;<\/div>\n<\/p><\/div>\n<div class=\"gwolle_gb_notice\">\n\t\t\t\tLes champs marqu\u00e9s avec un * sont obligatoires.<br \/>\nVotre adresse e-mail ne sera pas publi\u00e9e.<br \/>\nIl se pourrait que votre message n\u2019apparaisse dans le livre d\u2019or qu\u2019apr\u00e8s que nous l\u2019ayons v\u00e9rifi\u00e9.<br \/>\nNous nous r\u00e9servons le droit de modifier, de supprimer, ou de ne pas publier les messages.\n\t\t\t<\/div>\n<\/form>\n<div class=\"gwolle-gb-read gwolle-gb-ajax gwolle-gb-entries-list gwolle_gb_infinite gwolle-gb-infinite\" data-book_id=\"1\" data-page_id=\"1\">\n<div id=\"gwolle-gb-total\" class=\"gwolle-gb-total\">2 messages.<\/div>\n<p><!-- Gwolle-GB Entry: Default Template Loaded --><\/p>\n<div class=\"gb-entry gb-entry_6 gb-entry-count_1 gwolle_gb_uneven gwolle-gb-uneven gwolle-gb-first\" id=\"gb-entry_6\" data-entry_id=\"6\">\n<article>\n<div class=\"gb-author-info\">\n\t\t\t\t\t\t<span class=\"gb-author-name\">Gounon<br \/>\n\t\t\t\t\t\t<\/span>\n\t\t\t\t\t<\/div>\n<div class=\"gb-entry-content\">Tr\u00e8s bon accueil, repas tr\u00e8s bon.<br \/>\nJe le recommande fortement <br \/>\nUne cuisine fine, des assiettes qui font envie autant aux yeux qu aux papilles <br \/>\n Nous sommes des motards voyageurs  combl\u00e9s . Bravo <br \/>\nLaure et Michel\n\t\t\t\t\t<\/div>\n<\/article><\/div>\n<div class=\"gb-entry gb-entry_5 gb-entry-count_2 gwolle_gb_even gwolle-gb-even\" id=\"gb-entry_5\" data-entry_id=\"5\">\n<article>\n<div class=\"gb-author-info\">\n\t\t\t\t\t\t<span class=\"gb-author-name\">Mme Dre\u00efna<br \/>\n\t\t\t\t\t\t<\/span>\n\t\t\t\t\t<\/div>\n<div class=\"gb-entry-content\">Accueil tr\u00e8s chaleureux, excellente cuisine, de bonnes parts. Bravo\n\t\t\t\t\t<\/div>\n<\/article><\/div>\n<\/p><\/div>\n<\/div>\n\t\t\t\t\t\t\t\t<\/div>\n\t\t\t\t<\/div>\n\t\t\t\t\t<\/div>\n\t\t\t\t<\/div>\n\t\t\t\t<\/div>\n\t\t","protected":false},"excerpt":{"rendered":"","protected":false},"author":1,"featured_media":0,"parent":0,"menu_order":0,"comment_status":"closed","ping_status":"closed","template":"","meta":{"ocean_post_layout":"","ocean_both_sidebars_style":"","ocean_both_sidebars_content_width":0,"ocean_both_sidebars_sidebars_width":0,"ocean_sidebar":"","ocean_second_sidebar":"","ocean_disable_margins":"enable","ocean_add_body_class":"","ocean_shortcode_before_top_bar":"","ocean_shortcode_after_top_bar":"","ocean_shortcode_before_header":"","ocean_shortcode_after_header":"","ocean_has_shortcode":"","ocean_shortcode_after_title":"","ocean_shortcode_before_footer_widgets":"","ocean_shortcode_after_footer_widgets":"","ocean_shortcode_before_footer_bottom":"","ocean_shortcode_after_footer_bottom":"","ocean_display_top_bar":"default","ocean_display_header":"default","ocean_header_style":"","ocean_center_header_left_menu":"","ocean_custom_header_template":"","ocean_custom_logo":0,"ocean_custom_retina_logo":0,"ocean_custom_logo_max_width":0,"ocean_custom_logo_tablet_max_width":0,"ocean_custom_logo_mobile_max_width":0,"ocean_custom_logo_max_height":0,"ocean_custom_logo_tablet_max_height":0,"ocean_custom_logo_mobile_max_height":0,"ocean_header_custom_menu":"","ocean_menu_typo_font_family":"","ocean_menu_typo_font_subset":"","ocean_menu_typo_font_size":0,"ocean_menu_typo_font_size_tablet":0,"ocean_menu_typo_font_size_mobile":0,"ocean_menu_typo_font_size_unit":"px","ocean_menu_typo_font_weight":"","ocean_menu_typo_font_weight_tablet":"","ocean_menu_typo_font_weight_mobile":"","ocean_menu_typo_transform":"","ocean_menu_typo_transform_tablet":"","ocean_menu_typo_transform_mobile":"","ocean_menu_typo_line_height":0,"ocean_menu_typo_line_height_tablet":0,"ocean_menu_typo_line_height_mobile":0,"ocean_menu_typo_line_height_unit":"","ocean_menu_typo_spacing":0,"ocean_menu_typo_spacing_tablet":0,"ocean_menu_typo_spacing_mobile":0,"ocean_menu_typo_spacing_unit":"","ocean_menu_link_color":"","ocean_menu_link_color_hover":"","ocean_menu_link_color_active":"","ocean_menu_link_background":"","ocean_menu_link_hover_background":"","ocean_menu_link_active_background":"","ocean_menu_social_links_bg":"","ocean_menu_social_hover_links_bg":"","ocean_menu_social_links_color":"","ocean_menu_social_hover_links_color":"","ocean_disable_title":"default","ocean_disable_heading":"default","ocean_post_title":"","ocean_post_subheading":"","ocean_post_title_style":"","ocean_post_title_background_color":"","ocean_post_title_background":0,"ocean_post_title_bg_image_position":"","ocean_post_title_bg_image_attachment":"","ocean_post_title_bg_image_repeat":"","ocean_post_title_bg_image_size":"","ocean_post_title_height":0,"ocean_post_title_bg_overlay":0.5,"ocean_post_title_bg_overlay_color":"","ocean_disable_breadcrumbs":"default","ocean_breadcrumbs_color":"","ocean_breadcrumbs_separator_color":"","ocean_breadcrumbs_links_color":"","ocean_breadcrumbs_links_hover_color":"","ocean_display_footer_widgets":"default","ocean_display_footer_bottom":"default","ocean_custom_footer_template":"","footnotes":""},"yoast_head":"<!-- This site is optimized with the Yoast SEO plugin v23.0 - https:\/\/yoast.com\/wordpress\/plugins\/seo\/ -->\n<title>Livre d&#039;or - l&#039;auberge de l&#039;\u00e9pine<\/title>\n<meta name=\"robots\" content=\"noindex, follow, max-snippet:-1, max-image-preview:large, max-video-preview:-1\" \/>\n<meta property=\"og:locale\" content=\"fr_FR\" \/>\n<meta property=\"og:type\" content=\"article\" \/>\n<meta property=\"og:title\" content=\"Livre d&#039;or - l&#039;auberge de l&#039;\u00e9pine\" \/>\n<meta property=\"og:url\" content=\"https:\/\/laubergedelepine.fr\/?page_id=612\" \/>\n<meta property=\"og:site_name\" content=\"l&#039;auberge de l&#039;\u00e9pine\" \/>\n<meta property=\"article:publisher\" content=\"https:\/\/www.facebook.com\/profile.php?id=61556526249005\" \/>\n<meta property=\"article:modified_time\" content=\"2024-03-01T15:58:42+00:00\" \/>\n<meta name=\"twitter:card\" content=\"summary_large_image\" \/>\n<meta name=\"twitter:label1\" content=\"Dur\u00e9e de lecture estim\u00e9e\" \/>\n\t<meta name=\"twitter:data1\" content=\"1 minute\" \/>\n<script type=\"application\/ld+json\" class=\"yoast-schema-graph\">{\"@context\":\"https:\/\/schema.org\",\"@graph\":[{\"@type\":\"WebPage\",\"@id\":\"https:\/\/laubergedelepine.fr\/?page_id=612\",\"url\":\"https:\/\/laubergedelepine.fr\/?page_id=612\",\"name\":\"Livre d'or - l&#039;auberge de l&#039;\u00e9pine\",\"isPartOf\":{\"@id\":\"https:\/\/laubergedelepine.fr\/#website\"},\"datePublished\":\"2024-03-01T15:53:27+00:00\",\"dateModified\":\"2024-03-01T15:58:42+00:00\",\"breadcrumb\":{\"@id\":\"https:\/\/laubergedelepine.fr\/?page_id=612#breadcrumb\"},\"inLanguage\":\"fr-FR\",\"potentialAction\":[{\"@type\":\"ReadAction\",\"target\":[\"https:\/\/laubergedelepine.fr\/?page_id=612\"]}]},{\"@type\":\"BreadcrumbList\",\"@id\":\"https:\/\/laubergedelepine.fr\/?page_id=612#breadcrumb\",\"itemListElement\":[{\"@type\":\"ListItem\",\"position\":1,\"name\":\"Accueil\",\"item\":\"https:\/\/laubergedelepine.fr\/\"},{\"@type\":\"ListItem\",\"position\":2,\"name\":\"Livre d&rsquo;or\"}]},{\"@type\":\"WebSite\",\"@id\":\"https:\/\/laubergedelepine.fr\/#website\",\"url\":\"https:\/\/laubergedelepine.fr\/\",\"name\":\"l'auberge de l'\u00e9pine\",\"description\":\"\",\"publisher\":{\"@id\":\"https:\/\/laubergedelepine.fr\/#organization\"},\"potentialAction\":[{\"@type\":\"SearchAction\",\"target\":{\"@type\":\"EntryPoint\",\"urlTemplate\":\"https:\/\/laubergedelepine.fr\/?s={search_term_string}\"},\"query-input\":\"required name=search_term_string\"}],\"inLanguage\":\"fr-FR\"},{\"@type\":\"Organization\",\"@id\":\"https:\/\/laubergedelepine.fr\/#organization\",\"name\":\"l'auberge de l'\u00e9pine\",\"url\":\"https:\/\/laubergedelepine.fr\/\",\"logo\":{\"@type\":\"ImageObject\",\"inLanguage\":\"fr-FR\",\"@id\":\"https:\/\/laubergedelepine.fr\/#\/schema\/logo\/image\/\",\"url\":\"https:\/\/laubergedelepine.fr\/wp-content\/uploads\/2024\/02\/Nouveau-projet.png\",\"contentUrl\":\"https:\/\/laubergedelepine.fr\/wp-content\/uploads\/2024\/02\/Nouveau-projet.png\",\"width\":250,\"height\":250,\"caption\":\"l'auberge de l'\u00e9pine\"},\"image\":{\"@id\":\"https:\/\/laubergedelepine.fr\/#\/schema\/logo\/image\/\"},\"sameAs\":[\"https:\/\/www.facebook.com\/profile.php?id=61556526249005\",\"https:\/\/www.instagram.com\/laubergedelepine\/\"]}]}<\/script>\n<!-- \/ Yoast SEO plugin. -->","yoast_head_json":{"title":"Livre d'or - l&#039;auberge de l&#039;\u00e9pine","robots":{"index":"noindex","follow":"follow","max-snippet":"max-snippet:-1","max-image-preview":"max-image-preview:large","max-video-preview":"max-video-preview:-1"},"og_locale":"fr_FR","og_type":"article","og_title":"Livre d'or - l&#039;auberge de l&#039;\u00e9pine","og_url":"https:\/\/laubergedelepine.fr\/?page_id=612","og_site_name":"l&#039;auberge de l&#039;\u00e9pine","article_publisher":"https:\/\/www.facebook.com\/profile.php?id=61556526249005","article_modified_time":"2024-03-01T15:58:42+00:00","twitter_card":"summary_large_image","twitter_misc":{"Dur\u00e9e de lecture estim\u00e9e":"1 minute"},"schema":{"@context":"https:\/\/schema.org","@graph":[{"@type":"WebPage","@id":"https:\/\/laubergedelepine.fr\/?page_id=612","url":"https:\/\/laubergedelepine.fr\/?page_id=612","name":"Livre d'or - l&#039;auberge de l&#039;\u00e9pine","isPartOf":{"@id":"https:\/\/laubergedelepine.fr\/#website"},"datePublished":"2024-03-01T15:53:27+00:00","dateModified":"2024-03-01T15:58:42+00:00","breadcrumb":{"@id":"https:\/\/laubergedelepine.fr\/?page_id=612#breadcrumb"},"inLanguage":"fr-FR","potentialAction":[{"@type":"ReadAction","target":["https:\/\/laubergedelepine.fr\/?page_id=612"]}]},{"@type":"BreadcrumbList","@id":"https:\/\/laubergedelepine.fr\/?page_id=612#breadcrumb","itemListElement":[{"@type":"ListItem","position":1,"name":"Accueil","item":"https:\/\/laubergedelepine.fr\/"},{"@type":"ListItem","position":2,"name":"Livre d&rsquo;or"}]},{"@type":"WebSite","@id":"https:\/\/laubergedelepine.fr\/#website","url":"https:\/\/laubergedelepine.fr\/","name":"l'auberge de l'\u00e9pine","description":"","publisher":{"@id":"https:\/\/laubergedelepine.fr\/#organization"},"potentialAction":[{"@type":"SearchAction","target":{"@type":"EntryPoint","urlTemplate":"https:\/\/laubergedelepine.fr\/?s={search_term_string}"},"query-input":"required name=search_term_string"}],"inLanguage":"fr-FR"},{"@type":"Organization","@id":"https:\/\/laubergedelepine.fr\/#organization","name":"l'auberge de l'\u00e9pine","url":"https:\/\/laubergedelepine.fr\/","logo":{"@type":"ImageObject","inLanguage":"fr-FR","@id":"https:\/\/laubergedelepine.fr\/#\/schema\/logo\/image\/","url":"https:\/\/laubergedelepine.fr\/wp-content\/uploads\/2024\/02\/Nouveau-projet.png","contentUrl":"https:\/\/laubergedelepine.fr\/wp-content\/uploads\/2024\/02\/Nouveau-projet.png","width":250,"height":250,"caption":"l'auberge de l'\u00e9pine"},"image":{"@id":"https:\/\/laubergedelepine.fr\/#\/schema\/logo\/image\/"},"sameAs":["https:\/\/www.facebook.com\/profile.php?id=61556526249005","https:\/\/www.instagram.com\/laubergedelepine\/"]}]}},"_links":{"self":[{"href":"https:\/\/laubergedelepine.fr\/index.php?rest_route=\/wp\/v2\/pages\/612"}],"collection":[{"href":"https:\/\/laubergedelepine.fr\/index.php?rest_route=\/wp\/v2\/pages"}],"about":[{"href":"https:\/\/laubergedelepine.fr\/index.php?rest_route=\/wp\/v2\/types\/page"}],"author":[{"embeddable":true,"href":"https:\/\/laubergedelepine.fr\/index.php?rest_route=\/wp\/v2\/users\/1"}],"replies":[{"embeddable":true,"href":"https:\/\/laubergedelepine.fr\/index.php?rest_route=%2Fwp%2Fv2%2Fcomments&post=612"}],"version-history":[{"count":4,"href":"https:\/\/laubergedelepine.fr\/index.php?rest_route=\/wp\/v2\/pages\/612\/revisions"}],"predecessor-version":[{"id":617,"href":"https:\/\/laubergedelepine.fr\/index.php?rest_route=\/wp\/v2\/pages\/612\/revisions\/617"}],"wp:attachment":[{"href":"https:\/\/laubergedelepine.fr\/index.php?rest_route=%2Fwp%2Fv2%2Fmedia&parent=612"}],"curies":[{"name":"wp","href":"https:\/\/api.w.org\/{rel}","templated":true}]}}